0 (base 13) to base 4
0
What is -3 (base 16) in base 9?
-3
What is 1 (base 15) in base 9?
1
What is -25 (base 14) in base 7?
-45
What is -155 (base 15) in base 14?
-17b
What is 20 (base 3) in base 6?
10
What is 1 (base 12) in base 4?
1
-3 (base 15) to base 11
-3
202 (base 9) to base 7
323
What is -4 (base 12) in base 16?
-4
What is -5 (base 8) in base 11?
-5
What is -11 (base 16) in base 4?
-101
Convert -116 (base 7) to base 16.
-3e
What is -1 (base 5) in base 3?
-1
What is -3 (base 16) in base 10?
-3
12 (base 8) to base 12
a
What is -91 (base 11) in base 2?
-1100100
-76 (base 15) to base 9
-133
Convert 18 (base 15) to base 9.
25
What is 3 (base 10) in base 14?
3
2 (base 13) to base 3
2
Convert -c (base 13) to base 14.
-c
What is -80 (base 10) in base 5?
-310
Convert b (base 12) to base 7.
14
What is -a (base 15) in base 13?
-a
-6 (base 14) to base 8
-6
3 (base 15) to base 9
3
-3 (base 14) to base 16
-3
What is -58 (base 13) in base 3?
-2201
-ec (base 15) to base 13
-141
What is -4 (base 11) in base 2?
-100
What is -63 (base 11) in base 16?
-45
What is 0 (base 2) in base 7?
0
8d (base 14) to base 13
98
-12 (base 4) to base 2
-110
What is -32 (base 7) in base 3?
-212
What is -244 (base 5) in base 9?
-82
What is 1 (base 3) in base 14?
1
30 (base 13) to base 12
33
13 (base 7) to base 4
22
-40 (base 5) to base 12
-18
What is 10 (base 15) in base 8?
17
8 (base 11) to base 8
10
-50 (base 9) to base 3
-1200
10001101 (base 2) to base 13
ab
Convert 233 (base 9) to base 2.
11000000
What is -16 (base 8) in base 16?
-e
-32 (base 13) to base 2
-101001
-55 (base 10) to base 11
-50
Convert 2 (base 8) to base 11.
2
-4 (base 9) to base 3
-11
-b4 (base 15) to base 7
-331
-50 (base 9) to base 3
-1200
-1 (base 16) to base 12
-1
What is -11011 (base 2) in base 9?
-30
Convert -20 (base 16) to base 13.
-26
What is -21 (base 8) in base 13?
-14
What is 14 (base 10) in base 5?
24
What is 15 (base 8) in base 9?
14
What is -1011 (base 2) in base 4?
-23
3 (base 11) to base 2
11
0 (base 9) to base 12
0
What is -3 (base 16) in base 13?
-3
What is -210 (base 5) in base 15?
-3a
Convert -10010 (base 2) to base 9.
-20
-205 (base 10) to base 11
-177
What is -344 (base 5) in base 15?
-69
Convert -202 (base 6) to base 5.
-244
-2 (base 14) to base 7
-2
0 (base 9) to base 6
0
-2c (base 13) to base 10
-38
Convert -7 (base 15) to base 2.
-111
What is 5 (base 6) in base 3?
12
What is 124 (base 7) in base 13?
52
29 (base 13) to base 14
27
What is -52 (base 14) in base 13?
-57
Convert 4 (base 6) to base 10.
4
16 (base 8) to base 11
13
-3 (base 7) to base 9
-3
Convert -2 (base 13) to base 11.
-2
What is 119 (base 14) in base 7?
432
Convert 111 (base 2) to base 16.
7
-2 (base 11) to base 9
-2
What is 45 (base 10) in base 11?
41
What is 0 (base 16) in base 15?
0
Convert -223 (base 9) to base 8.
-267
What is -3 (base 13) in base 15?
-3
2 (base 7) to base 14
2
Convert -47 (base 16) to base 12.
-5b
What is 7 (base 8) in base 3?
21
What is 6 (base 10) in base 14?
6
Convert -3 (base 16) to base 9.
-3
2 (base 10) to base 5
2
What is -58 (base 12) in base 16?
-44
1a (base 15) to base 14
1b
What is 6 (base 15) in base 14?
6
1 (base 15) to base 3
1
What is -54 (base 9) in base 10?
-49
Convert 6 (base 8) to base 2.
110
Convert a5 (base 16) to base 4.
2211
-14 (base 10) to base 13
-11
Convert -10 (base 2) to base 4.
-2
Convert 12 (base 7) to base 4.
21
-1 (base 9) to base 14
-1
Convert 10110 (base 2) to base 10.
22
1 (base 6) to base 14
1
Convert 1 (base 2) to base 16.
1
1 (base 9) to base 7
1
Convert -20000 (base 3) to base 10.
-162
What is 0 (base 15) in base 16?
0
22 (base 6) to base 9
15
-1 (base 2) to base 14
-1
-49 (base 15) to base 4
-1011
-1 (base 2) to base 3
-1
-133 (base 9) to base 11
-a1
-1 (base 5) to base 13
-1
Convert 5 (base 11) to base 9.
5
-4 (base 12) to base 15
-4
What is 126 (base 8) in base 4?
1112
7 (base 12) to base 3
21
Convert 3 (base 8) to base 10.
3
What is 0 (base 14) in base 10?
0
Convert 13 (base 7) to base 13.
a
-1 (base 9) to base 5
-1
-8 (base 9) to base 4
-20
What is 322 (base 7) in base 2?
10100011
Convert 2 (base 5) to base 3.
2
What is -10 (base 3) in base 11?
-3
27 (base 8) to base 5
43
What is 3 (base 16) in base 6?
3
What is -12 (base 4) in base 9?
-6
Convert -174 (base 9) to base 5.
-1043
-7c (base 14) to base 4
-1232
-237 (base 9) to base 3
-21021
Convert -4 (base 5) to base 11.
-4
What is e (base 16) in base 7?
20
Convert 16 (base 15) to base 12.
19
Convert 0 (base 7) to base 3.
0
Convert -2 (base 5) to base 2.
-10
Convert 40 (base 7) to base 8.
34
-14 (base 10) to base 11
-13
6 (base 13) to base 14
6
What is -202 (base 10) in base 16?
-ca
-1a (base 14) to base 8
-30
16 (base 12) to base 3
200
2 (base 15) to base 5
2
What is -111111 (base 2) in base 9?
-70
Convert -20 (base 9) to base 12.
-16
Convert 1021 (base 3) to base 15.
24
Convert 101010 (base 2) to base 3.
1120
What is -1 (base 5) in base 7?
-1
8 (base 13) to base 3
22
-1 (base 3) to base 6
-1
2 (base 12) to base 3
2
Convert 11011111 (base 2) to base 16.
df
Convert 12102 (base 3) to base 2.
10010010
Convert 10000 (base 2) to base 8.
20
Convert 412 (base 5) to base 14.
79
What is -54 (base 13) in base 14?
-4d
-34 (base 7) to base 2
-11001
What is 62 (base 10) in base 11?
57
29 (base 14) to base 3
1101
Convert 7 (base 11) to base 8.
7
Convert -124 (base 8) to base 6.
-220
-152 (base 9) to base 5
-1003
What is -2 (base 14) in base 7?
-2
What is -6 (base 9) in base 15?
-6
Convert 18 (base 11) to base 15.
14
Convert -a (base 12) to base 16.
-a
Convert -1 (base 4) to base 7.
-1
What is 261 (base 7) in base 3?
12020
What is -1123 (base 4) in base 5?
-331
Convert 4 (base 11) to base 5.
4
-203 (base 5) to base 14
-3b
10 (base 7) to base 6
11
Convert -95 (base 12) to base 14.
-81
3 (base 8) to base 15
3
Convert -10 (base 6) to base 16.
-6
101100 (base 2) to base 14
32
-1113 (base 4) to base 5
-322
Convert 1 (base 8) to base 16.
1
-100010 (base 2) to base 13
-28
8 (base 11) to base 13
8
Convert -37 (base 15) to base 13.
-40
What is -1111 (base 2) in base 15?
-10
What is 42 (base 10) in base 13?
33
Convert 10 (base 3) to base 10.
3
What is -112 (base 4) in base 9?
-24
15 (base 8) to base 10
13
Convert 14 (base 12) to base 9.
17
What is 1230 (base 4) in base 14?
7a
What is 4 (base 5) in base 15?
4
1 (base 10) to base 9
1
125 (base 6) to base 3
1222
What is 16 (base 7) in base 9?
14
Convert 1220 (base 3) to base 9.
56
Convert -22 (base 12) to base 7.
-35
Convert 22 (base 15) to base 11.
2a
What is 9 (base 15) in base 11?
9
What is 100 (base 3) in base 5?
14
Convert 115 (base 16) to base 11.
232
What is -12 (base 13) in base 10?
-15
-21 (base 15) to base 2
-11111
Convert 14 (base 16) to base 5.
40
Convert -1 (base 8) to base 9.
-1
What is 1 (base 6) in base 7?
1
2a (base 12) to base 4
202
What is -9a (base 11) in base 3?
-11001
Convert 61 (base 10) to base 2.
111101
3 (base 5) to base 11
3
74 (base 10) to base 6
202
What is -4 (base 5) in base 12?
-4
What is 62 (base 8) in base 7?
101
Convert -16 (base 7) to base 5.
-23
2 (base 7) to base 15
2
What is 0 (base 13) in base 10?
0
Convert -75 (base 10) to base 5.
-300
Convert -261 (base 10) to base 14.
-149
What is 1 (base 4) in base 7?
1
What is 9 (base 16) in base 7?
12
Convert -e (base 16) to base 14.
-10
-120 (base 8) to base 11
-73
Convert 7 (base 16) to base 10.
7
b (base 13) to base 7
14
Convert 2102 (base 3) to base 7.
122
1043 (base 6) to base 15
113
-11 (base 4) to base 15
-5
-b (base 14) to base 8
-13
110 (base 2) to base 16
6
a5 (base 12) to base 16
7d
Convert 1 (base 8) to base 10.
1
What is -542 (base 6) in base 9?
-248
13 (base 5) to base 14
8
What is 3 (base 12) in base 3?
10
Convert -20 (base 4) to base 9.
-8
d (base 14) to base 11
12
What is -13 (base 8) in base 14?
-b
Convert -1 (base 15) to base 9.
-1
What is -3 (base 15) in base 6?
-3
What is 15 (base 8) in base 16?
d
-37 (base 12) to base 13
-34
What is 0 (base 13) in base 3?
0
What is 220 (base 5) in base 7?
114
What is 10100010 (base 2) in base 5?
1122
Convert 146 (base 8) to base 15.
6c
-a (base 11) to base 12
-a
What is 2 (base 11) in base 16?
2
What is 0 (base 6) in base 13?
0
What is -113 (base 5) in base 7?
-45
Convert -5 (base 14) to base 2.
-101
What is 12 (base 16) in base 5?
33
What